the prime factors of 4286388.
2, 3, 357199
List the prime factors of 2567795.
5, 61, 8419
What are the prime factors of 133100?
2, 5, 11
What are the prime factors of 465959?
13, 73, 491
List the prime factors of 6574069.
6574069
List the prime factors of 1379560.
2, 5, 7, 13, 379
List the prime factors of 27924471.
3, 19, 73, 2237
List the prime factors of 268320.
2, 3, 5, 13, 43
List the prime factors of 1386832.
2, 86677
List the prime factors of 21466234.
2, 73, 147029
List the prime factors of 4458895.
5, 7, 23, 29, 191
What are the prime factors of 1551057?
3, 101, 5119
List the prime factors of 313673.
181, 1733
What are the prime factors of 246423?
3, 82141
List the prime factors of 32303.
32303
What are the prime factors of 16267615?
5, 7, 13, 35753
What are the prime factors of 3965713?
151, 26263
What are the prime factors of 1665517?
7, 229, 1039
List the prime factors of 669098.
2, 334549
List the prime factors of 3620609.
17, 89, 2393
What are the prime factors of 1583273?
1583273
What are the prime factors of 8830349?
11, 802759
List the prime factors of 5141316.
2, 3, 563, 761
What are the prime factors of 1215655?
5, 7, 47, 739
What are the prime factors of 6950410?
2, 5, 347, 2003
List the prime factors of 573386.
2, 11, 67, 389
List the prime factors of 2129620.
2, 5, 233, 457
List the prime factors of 753208.
2, 94151
List the prime factors of 241937.
23, 67, 157
What are the prime factors of 15491802?
2, 3, 19, 135893
List the prime factors of 374817.
3, 103, 1213
What are the prime factors of 37508?
2, 9377
What are the prime factors of 10830929?
41, 264169
List the prime factors of 1327814.
2, 663907
What are the prime factors of 6557902?
2, 13, 53, 4759
What are the prime factors of 2853588?
2, 3, 37, 6427
What are the prime factors of 7476942?
2, 3, 11, 113287
What are the prime factors of 38018747?
13, 23, 9781
What are the prime factors of 13890257?
13890257
What are the prime factors of 3461654?
2, 7, 35323
List the prime factors of 932450.
2, 5, 17, 1097
What are the prime factors of 263579?
229, 1151
What are the prime factors of 32655500?
2, 5, 241, 271
List the prime factors of 3177291.
3, 13, 257, 317
List the prime factors of 2007606.
2, 3, 41, 8161
What are the prime factors of 1486403?
1486403
List the prime factors of 245273.
7, 37, 947
List the prime factors of 2991885.
3, 5, 13, 67, 229
List the prime factors of 321004.
2, 80251
List the prime factors of 23187818.
2, 23, 53, 9511
What are the prime factors of 386182?
2, 353, 547
List the prime factors of 2043686.
2, 41, 24923
List the prime factors of 1197927.
3, 133103
List the prime factors of 1669717.
7, 238531
List the prime factors of 12057125.
5, 96457
What are the prime factors of 415411?
487, 853
What are the prime factors of 493066?
2, 7, 41, 859
List the prime factors of 4142317.
911, 4547
List the prime factors of 2154802.
2, 13, 179, 463
List the prime factors of 1042790.
2, 5, 7, 14897
What are the prime factors of 170296?
2, 7, 3041
List the prime factors of 776647.
73, 10639
What are the prime factors of 4360082?
2, 19, 179, 641
What are the prime factors of 383632?
2, 23977
What are the prime factors of 2857853?
17, 168109
List the prime factors of 1366965.
3, 5, 37, 821
What are the prime factors of 166076?
2, 41519
What are the prime factors of 2865253?
179, 16007
List the prime factors of 4862596.
2, 1215649
What are the prime factors of 18035099?
1069, 16871
List the prime factors of 227499.
3, 75833
What are the prime factors of 441123?
3, 19, 71, 109
What are the prime factors of 331105?
5, 66221
What are the prime factors of 7254866?
2, 1811, 2003
What are the prime factors of 1171412?
2, 11, 79, 337
List the prime factors of 920651.
920651
What are the prime factors of 14962954?
2, 1373, 5449
What are the prime factors of 276908?
2, 37, 1871
What are the prime factors of 17032218?
2, 3, 7, 405529
List the prime factors of 276065.
5, 55213
What are the prime factors of 1818093?
3, 606031
List the prime factors of 865815.
3, 5, 197, 293
List the prime factors of 381957.
3, 19, 6701
List the prime factors of 26997993.
3, 11, 19, 31, 463
List the prime factors of 19845052.
2, 17, 17167
List the prime factors of 69064.
2, 89, 97
List the prime factors of 229332.
2, 3, 29, 659
List the prime factors of 4016098.
2, 2008049
What are the prime factors of 725965?
5, 145193
What are the prime factors of 744730?
2, 5, 7, 10639
What are the prime factors of 141578?
2, 29, 2441
What are the prime factors of 2474912?
2, 11, 79, 89
List the prime factors of 7728595.
5, 7, 439, 503
List the prime factors of 6831819.
3, 163, 4657
List the prime factors of 14115083.
17, 29, 28631
What are the prime factors of 253667?
23, 41, 269
List the prime factors of 21122804.
2, 43, 227, 541
What are the prime factors of 9876806?
2, 4938403
What are the prime factors of 52729?
67, 787
List the prime factors of 1029884.
2, 73, 3527
What are the prime factors of 2293426?
2, 1146713
List the prime factors of 902238.
2, 3, 150373
What are the prime factors of 1105152?
2, 3, 1439
What are the prime factors of 19812521?
47, 8969
What are the prime factors of 2233725?
3, 5, 13, 29, 79
List the prime factors of 38960557.
263, 148139
What are the prime factors of 2159088?
2, 3, 31, 1451
What are the prime factors of 1494357?
3, 498119
List the prime factors of 1797498.
2, 3, 33287
What are the prime factors of 37631?
11, 311
What are the prime factors of 6564049?
1321, 4969
What are the prime factors of 30170?
2, 5, 7, 431
List the prime factors of 2560522.
2, 421, 3041
What are the prime factors of 1384114?
2, 103, 6719
List the prime factors of 141197.
7, 23, 877
List the prime factors of 414628.
2, 103657
What are the prime factors of 3838989?
3, 7, 11, 16619
List the prime factors of 736314.
2, 3, 122719
List the prime factors of 3942803.
73, 54011
List the prime factors of 104711.
104711
List the prime factors of 1384183.
347, 3989
List the prime factors of 279816.
2, 3, 89, 131
List the prime factors of 2644460.
2, 5, 7, 13, 1453
List the prime factors of 3202603.
3202603
List the prime factors of 513031.
513031
List the prime factors of 5126578.
2, 83, 89, 347
What are the prime factors of 453667?
453667
List the prime factors of 522774.
2, 3, 7, 461
What are the prime factors of 10820534?
2, 17, 23, 101, 137
What are the prime factors of 287108?
2, 71777
List the prime factors of 19306164.
2, 3, 73, 22039
List the prime factors of 3046619.
691, 4409
List the prime factors of 202183.
202183
What are the prime factors of 23315?
5, 4663
List the prime factors of 123831.
3, 13759
What are the prime factors of 196336?
2, 7, 1753
What are the prime factors of 1949563?
7, 11, 3617
What are the prime factors of 2866?
2, 1433
What are the prime factors of 145300?
2, 5, 1453
List the prime factors of 199153.
199153
List the prime factors of 428196.
2, 3, 17, 2099
What are the prime factors of 10866863?
7, 37, 41957
List the prime factors of 4179611.
773, 5407
What are the prime factors of 901981?
179, 5039
What are the prime factors of 1998877?
17, 307, 383
List the prime factors of 4953576.
2, 3, 206399
What are the prime factors of 612754?
2, 306377
What are the prime factors of 4968811?
17, 292283
What are the prime factors of 174463?
59, 2957
What are the prime factors of 4241967?
3, 167, 8467
What are the prime factors of 4409046?
2, 3, 81649
List the prime factors of 220927.
7, 37, 853
What are the prime factors of 14644375?
5, 23431
List the prime factors of 1211239.
97, 12487
List the prime factors of 857043.
3, 11, 787
What are the prime factors of 18638213?
11, 29, 58427
List the prime factors of 885598.
2, 7, 17, 61
What are the prime factors of 162384?
2, 3, 17, 199
What are the prime factors of 3836993?
19, 201947
List the prime factors of 1802383.
11, 163853
What are the prime factors of 4745393?
313, 15161
List the prime factors of 3058678.
2, 7, 23, 59
What are the prime factors of 1156660?
2, 5, 151, 383
List the prime factors of 554366.
2, 277183
What are the prime factors of 508017?
3, 169339
What are the prime factors of 2633095?
5, 526619
List the prime factors of 351267.
3, 7, 43, 389
What are the prime factors of 2068885?
5, 7, 13, 4547
List the